{"id":2750,"date":"2017-08-03T15:49:42","date_gmt":"2017-08-03T13:49:42","guid":{"rendered":"http:\/\/www.modalis.com\/?page_id=2750\/"},"modified":"2022-10-17T20:22:23","modified_gmt":"2022-10-17T18:22:23","slug":"impressum","status":"publish","type":"page","link":"https:\/\/www.modalis.com\/de\/impressum\/","title":{"rendered":"Impressum"},"content":{"rendered":"<p>[vc_row][vc_column][rev_slider_vc alias=&#8220;mentions-legales-de&#8220;][\/vc_column][\/vc_row][vc_row css=&#8220;.vc_custom_1493804458805{margin-top: 40px !important;margin-bottom: 20px !important;}&#8220;][vc_column width=&#8220;1\/2&#8243;][vc_column_text]<strong>SAS MODALIS<\/strong><br \/>\n345 rue Louis de Broglie &#8211; 13100 F-Aix-en-Provence<br \/>\nSIRET : 44222878900032<br \/>\nAPE :\u00a07739Z<br \/>\nAktienkapital: 35 000 000 \u20ac<br \/>\nT\u00e9l. +33 4 42 65 92 36<\/p>\n<p><strong>Leiter der Ver\u00f6ffentlichung:<\/strong> M Bernard Me\u00ef<\/p>\n<p>E-mail: info@modalis.com[\/vc_column_text][\/vc_column][vc_column width=&#8220;1\/2&#8243;][vc_column_text]<strong>Web-Host : Intrasite<\/strong><\/p>\n<p>17 Boulevard Champfleury<br \/>\n84000 Avignon (Vaucluse)<br \/>\n0974531520<br \/>\n<a href=\"https:\/\/www.intrasite.fr\" target=\"_blank\" rel=\"noopener\">www.intrasite.fr<\/a>[\/vc_column_text][\/vc_column][\/vc_row][vc_row][vc_column][vc_column_text]<br \/>\nDATENSCHUTZRICHTLINIEN<br \/>\n[\/vc_column_text][vc_column_text]MODALIS legt besonderen Wert auf den Schutz personenbezogener Daten gem\u00e4\u00df dem ge\u00e4nderten franz\u00f6sischen Datenschutzgesetz (Loi Informatique et libert\u00e9) und der Allgemeinen Datenschutzverordnung (R\u00e8glement G\u00e9n\u00e9ral pour la Protection des Donn\u00e9es). (DSGVO).<\/p>\n<p>Dieses Dokument stellt die Datenschutzpolitik dar, die innerhalb der Organisation sowohl f\u00fcr die Erhebung, Speicherung und Verarbeitung von Daten als auch f\u00fcr den Austausch mit Dritten innerhalb des Unternehmens umgesetzt wurde.<\/p>\n<p>MODALIS verpflichtet sich, personenbezogene Daten f\u00fcr bestimmte, rechtm\u00e4\u00dfige und relevante Zwecke in \u00dcbereinstimmung mit den geltenden Rechtsgrundlagen zu sammeln, zu verarbeiten und zu speichern.<\/p>\n<p>MODALIS f\u00fchrt sein Register, der unter seiner Verantwortung durchgef\u00fchrten Verarbeitungst\u00e4tigkeiten, das Folgendes beschreibt:<\/p>\n<ul>\n<li>Den Namen und die Kontaktdaten des f\u00fcr die Verarbeitung Verantwortlichen,<\/li>\n<li>Die Zwecke der Verarbeitung,<\/li>\n<li>Die Beschreibung der Kategorien der betroffenen Personen,<\/li>\n<li>Die Kategorien der Empf\u00e4nger,<\/li>\n<li>Die vorgesehenen Fristen f\u00fcr die L\u00f6schung der verschiedenen Datenkategorien,<\/li>\n<li>Eine allgemeine Beschreibung der technischen und organisatorischen Sicherheitsma\u00dfnahmen.<\/li>\n<\/ul>\n<p>MODALIS gew\u00e4hrleistet seine Verpflichtungen im Zusammenhang mit dem Recht auf Information und Zugang zu den Daten gem\u00e4\u00df den Artikeln 13 bis 21 der Allgemeinen Datenschutzverordnung. (DSGVO).<\/p>\n<p>Die betroffenen Personen k\u00f6nnen ihre Rechte aus\u00fcben, indem sie an MODALIS 345 rue Louis de Broglie schreiben.<br \/>\n13100 Aix-en-Provence oder per E-Mail an rgpd@modalis.com unter Nachweis sie ihrer Identit\u00e4t geltend machen k\u00f6nnen..<\/p>\n<p>Das Personal von MODALIS wird regelm\u00e4\u00dfig f\u00fcr die Grunds\u00e4tze des Datenschutzes sowie f\u00fcr die Risiken im Zusammenhang mit den Freiheitsrechten und der Privatsph\u00e4re sensibilisiert. Unser Unternehmen verf\u00fcgt \u00fcber eine IT-Charta und unsere Mitarbeiter, die dem Berufsgeheimnis unterliegen, haben eine Vertraulichkeitsverpflichtung unterzeichnet.<\/p>\n<p>Jeder Nutzer wird authentifiziert, die Komplexit\u00e4t der Passw\u00f6rter entspricht den Empfehlungen der CNIL, ebenso wie das Verfahren und die H\u00e4ufigkeit der \u00c4nderungen.<br \/>\nEs werden Berechtigungsprofile eingerichtet, um den Zugriff nur auf die Daten zu beschr\u00e4nken, die ein Nutzer ben\u00f6tigt.<br \/>\nDas interne Computernetzwerk sowie die Server und Arbeitsstationen sind durch Passw\u00f6rter gesichert und mit Firewall-Software sowie regelm\u00e4\u00dfig aktualisierten Antivirenprogrammen ausgestattet.<br \/>\nEs werden regelm\u00e4\u00dfig Datensicherungen auf NAS und in der Cloud durchgef\u00fchrt, die eine Wiederherstellung der Daten im Rahmen eines formalisierten Disaster-Recovery-Plans erm\u00f6glichen.<\/p>\n<p>MODALIS greift nur auf Subunternehmer zur\u00fcck, die ausreichende Garantien bieten.<br \/>\nDer Datenaustausch mit Subunternehmern wird durch einen Zusatzvertrag geregelt, der die Verpflichtungen gem\u00e4\u00df der Allgemeinen Datenschutzverordnung beschreibt.[\/vc_column_text][\/vc_column][\/vc_row][vc_row row_fullwidth=&#8220;1&#8243; css=&#8220;.vc_custom_1490950020522{margin-top: 0px !important;margin-right: 0px !important;margin-bottom: 0px !important;margin-left: 0px !important;padding-top: 0px !important;padding-right: 0px !important;padding-bottom: 0px !important;padding-left: 0px !important;}&#8220;][vc_column]<div id=\"owcta-97608\" class=\"ozy-wide-call-to-action\"><div class=\"bar\"><div><i class=\"oic-flaticon5-time\">&nbsp;<\/i><div class=\"part1\"><h5>Votre demande, notre service<\/br>Nous appeler : <span>+33 4 42 65 92 36<\/span><\/h5><\/div><div class=\"part2\"><a href=\"#request-a-rate\" class=\"comp-request-a-rate\">DEMANDER UN DEVIS<\/a><\/div><\/div><\/div><div class=\"gradient\"><div><h3>SERVICES DE LOCATION<h3><h3>N\u00c9GOCE & CONSULTING<\/h3><h5>Transport intermodal<\/h5><\/div><\/div><\/div>[\/vc_column][\/vc_row]<\/p>\n","protected":false},"excerpt":{"rendered":"<p>[vc_row][vc_column][rev_slider_vc alias=&#8220;mentions-legales-de&#8220;][\/vc_column][\/vc_row][vc_row css=&#8220;.vc_custom_1493804458805{margin-top: 40px !important;margin-bottom: 20px !important;}&#8220;][vc_column width=&#8220;1\/2&#8243;][vc_column_text]SAS MODALIS 345 rue Louis de Broglie &#8211; 13100 F-Aix-en-Provence SIRET : 44222878900032 APE :\u00a07739Z Aktienkapital: 35 000 000 \u20ac T\u00e9l. +33 4 [&hellip;]<\/p>\n","protected":false},"author":1,"featured_media":0,"parent":0,"menu_order":0,"comment_status":"closed","ping_status":"closed","template":"","meta":[],"yoast_head":"<!-- This site is optimized with the Yoast SEO plugin v18.0 - https:\/\/yoast.com\/wordpress\/plugins\/seo\/ -->\n<title>Impressum - MODALIS location mat\u00e9riel transport combin\u00e9<\/title>\n<meta name=\"robots\" content=\"index, follow, max-snippet:-1, max-image-preview:large, max-video-preview:-1\" \/>\n<link rel=\"canonical\" href=\"https:\/\/www.modalis.com\/de\/impressum\/\" \/>\n<meta property=\"og:locale\" content=\"de_DE\" \/>\n<meta property=\"og:type\" content=\"article\" \/>\n<meta property=\"og:title\" content=\"Impressum - MODALIS location mat\u00e9riel transport combin\u00e9\" \/>\n<meta property=\"og:description\" content=\"[vc_row][vc_column][rev_slider_vc alias=&#8220;mentions-legales-de&#8220;][\/vc_column][\/vc_row][vc_row css=&#8220;.vc_custom_1493804458805{margin-top: 40px !important;margin-bottom: 20px !important;}&#8220;][vc_column width=&#8220;1\/2&#8243;][vc_column_text]SAS MODALIS 345 rue Louis de Broglie &#8211; 13100 F-Aix-en-Provence SIRET : 44222878900032 APE :\u00a07739Z Aktienkapital: 35 000 000 \u20ac T\u00e9l. +33 4 [&hellip;]\" \/>\n<meta property=\"og:url\" content=\"https:\/\/www.modalis.com\/de\/impressum\/\" \/>\n<meta property=\"og:site_name\" content=\"MODALIS location mat\u00e9riel transport combin\u00e9\" \/>\n<meta property=\"article:modified_time\" content=\"2022-10-17T18:22:23+00:00\" \/>\n<meta name=\"twitter:card\" content=\"summary\" \/>\n<meta name=\"twitter:label1\" content=\"Gesch\u00e4tzte Lesezeit\" \/>\n\t<meta name=\"twitter:data1\" content=\"3\u00a0Minuten\" \/>\n<script type=\"application\/ld+json\" class=\"yoast-schema-graph\">{\"@context\":\"https:\/\/schema.org\",\"@graph\":[{\"@type\":\"WebSite\",\"@id\":\"https:\/\/www.modalis.com\/en\/#website\",\"url\":\"https:\/\/www.modalis.com\/en\/\",\"name\":\"MODALIS location mat\u00e9riel transport combin\u00e9\",\"description\":\"Modalis, intermodal equipment rental\",\"potentialAction\":[{\"@type\":\"SearchAction\",\"target\":{\"@type\":\"EntryPoint\",\"urlTemplate\":\"https:\/\/www.modalis.com\/en\/?s={search_term_string}\"},\"query-input\":\"required name=search_term_string\"}],\"inLanguage\":\"de\"},{\"@type\":\"WebPage\",\"@id\":\"https:\/\/www.modalis.com\/de\/impressum\/#webpage\",\"url\":\"https:\/\/www.modalis.com\/de\/impressum\/\",\"name\":\"Impressum - MODALIS location mat\u00e9riel transport combin\u00e9\",\"isPartOf\":{\"@id\":\"https:\/\/www.modalis.com\/en\/#website\"},\"datePublished\":\"2017-08-03T13:49:42+00:00\",\"dateModified\":\"2022-10-17T18:22:23+00:00\",\"breadcrumb\":{\"@id\":\"https:\/\/www.modalis.com\/de\/impressum\/#breadcrumb\"},\"inLanguage\":\"de\",\"potentialAction\":[{\"@type\":\"ReadAction\",\"target\":[\"https:\/\/www.modalis.com\/de\/impressum\/\"]}]},{\"@type\":\"BreadcrumbList\",\"@id\":\"https:\/\/www.modalis.com\/de\/impressum\/#breadcrumb\",\"itemListElement\":[{\"@type\":\"ListItem\",\"position\":1,\"name\":\"Accueil\",\"item\":\"https:\/\/www.modalis.com\/de\/\"},{\"@type\":\"ListItem\",\"position\":2,\"name\":\"Impressum\"}]}]}<\/script>\n<!-- \/ Yoast SEO plugin. -->","yoast_head_json":{"title":"Impressum - MODALIS location mat\u00e9riel transport combin\u00e9","robots":{"index":"index","follow":"follow","max-snippet":"max-snippet:-1","max-image-preview":"max-image-preview:large","max-video-preview":"max-video-preview:-1"},"canonical":"https:\/\/www.modalis.com\/de\/impressum\/","og_locale":"de_DE","og_type":"article","og_title":"Impressum - MODALIS location mat\u00e9riel transport combin\u00e9","og_description":"[vc_row][vc_column][rev_slider_vc alias=&#8220;mentions-legales-de&#8220;][\/vc_column][\/vc_row][vc_row css=&#8220;.vc_custom_1493804458805{margin-top: 40px !important;margin-bottom: 20px !important;}&#8220;][vc_column width=&#8220;1\/2&#8243;][vc_column_text]SAS MODALIS 345 rue Louis de Broglie &#8211; 13100 F-Aix-en-Provence SIRET : 44222878900032 APE :\u00a07739Z Aktienkapital: 35 000 000 \u20ac T\u00e9l. +33 4 [&hellip;]","og_url":"https:\/\/www.modalis.com\/de\/impressum\/","og_site_name":"MODALIS location mat\u00e9riel transport combin\u00e9","article_modified_time":"2022-10-17T18:22:23+00:00","twitter_card":"summary","twitter_misc":{"Gesch\u00e4tzte Lesezeit":"3\u00a0Minuten"},"schema":{"@context":"https:\/\/schema.org","@graph":[{"@type":"WebSite","@id":"https:\/\/www.modalis.com\/en\/#website","url":"https:\/\/www.modalis.com\/en\/","name":"MODALIS location mat\u00e9riel transport combin\u00e9","description":"Modalis, intermodal equipment rental","potentialAction":[{"@type":"SearchAction","target":{"@type":"EntryPoint","urlTemplate":"https:\/\/www.modalis.com\/en\/?s={search_term_string}"},"query-input":"required name=search_term_string"}],"inLanguage":"de"},{"@type":"WebPage","@id":"https:\/\/www.modalis.com\/de\/impressum\/#webpage","url":"https:\/\/www.modalis.com\/de\/impressum\/","name":"Impressum - MODALIS location mat\u00e9riel transport combin\u00e9","isPartOf":{"@id":"https:\/\/www.modalis.com\/en\/#website"},"datePublished":"2017-08-03T13:49:42+00:00","dateModified":"2022-10-17T18:22:23+00:00","breadcrumb":{"@id":"https:\/\/www.modalis.com\/de\/impressum\/#breadcrumb"},"inLanguage":"de","potentialAction":[{"@type":"ReadAction","target":["https:\/\/www.modalis.com\/de\/impressum\/"]}]},{"@type":"BreadcrumbList","@id":"https:\/\/www.modalis.com\/de\/impressum\/#breadcrumb","itemListElement":[{"@type":"ListItem","position":1,"name":"Accueil","item":"https:\/\/www.modalis.com\/de\/"},{"@type":"ListItem","position":2,"name":"Impressum"}]}]}},"_links":{"self":[{"href":"https:\/\/www.modalis.com\/de\/wp-json\/wp\/v2\/pages\/2750"}],"collection":[{"href":"https:\/\/www.modalis.com\/de\/wp-json\/wp\/v2\/pages"}],"about":[{"href":"https:\/\/www.modalis.com\/de\/wp-json\/wp\/v2\/types\/page"}],"author":[{"embeddable":true,"href":"https:\/\/www.modalis.com\/de\/wp-json\/wp\/v2\/users\/1"}],"replies":[{"embeddable":true,"href":"https:\/\/www.modalis.com\/de\/wp-json\/wp\/v2\/comments?post=2750"}],"version-history":[{"count":9,"href":"https:\/\/www.modalis.com\/de\/wp-json\/wp\/v2\/pages\/2750\/revisions"}],"predecessor-version":[{"id":5276,"href":"https:\/\/www.modalis.com\/de\/wp-json\/wp\/v2\/pages\/2750\/revisions\/5276"}],"wp:attachment":[{"href":"https:\/\/www.modalis.com\/de\/wp-json\/wp\/v2\/media?parent=2750"}],"curies":[{"name":"wp","href":"https:\/\/api.w.org\/{rel}","templated":true}]}}

<p>[vc_row][vc_column][rev_slider_vc alias=&#8220;mentions-legales-de&#8220;][/vc_column][/vc_row][vc_row css=&#8220;.vc_custom_1493804458805{margin-top: 40px !important;margin-bottom: 20px !important;}&#8220;][vc_column width=&#8220;1/2&#8243;][vc_column_text]<strong>SAS MODALIS</strong><br />
345 rue Louis de Broglie &#8211; 13100 F-Aix-en-Provence<br />
SIRET : 44222878900032<br />
APE : 7739Z<br />
Aktienkapital: 35 000 000 €<br />
Tél. +33 4 42 65 92 36</p>
<p><strong>Leiter der Veröffentlichung:</strong> M Bernard Meï</p>
<p>E-mail: info@modalis.com[/vc_column_text][/vc_column][vc_column width=&#8220;1/2&#8243;][vc_column_text]<strong>Web-Host : Intrasite</strong></p>
<p>17 Boulevard Champfleury<br />
84000 Avignon (Vaucluse)<br />
0974531520<br />
<a href="https://www.intrasite.fr" target="_blank" rel="noopener">www.intrasite.fr</a>[/vc_column_text][/vc_column][/vc_row][vc_row][vc_column][vc_column_text]<br />
DATENSCHUTZRICHTLINIEN<br />
[/vc_column_text][vc_column_text]MODALIS legt besonderen Wert auf den Schutz personenbezogener Daten gemäß dem geänderten französischen Datenschutzgesetz (Loi Informatique et liberté) und der Allgemeinen Datenschutzverordnung (Règlement Général pour la Protection des Données). (DSGVO).</p>
<p>Dieses Dokument stellt die Datenschutzpolitik dar, die innerhalb der Organisation sowohl für die Erhebung, Speicherung und Verarbeitung von Daten als auch für den Austausch mit Dritten innerhalb des Unternehmens umgesetzt wurde.</p>
<p>MODALIS verpflichtet sich, personenbezogene Daten für bestimmte, rechtmäßige und relevante Zwecke in Übereinstimmung mit den geltenden Rechtsgrundlagen zu sammeln, zu verarbeiten und zu speichern.</p>
<p>MODALIS führt sein Register, der unter seiner Verantwortung durchgeführten Verarbeitungstätigkeiten, das Folgendes beschreibt:</p>
<ul>
<li>Den Namen und die Kontaktdaten des für die Verarbeitung Verantwortlichen,</li>
<li>Die Zwecke der Verarbeitung,</li>
<li>Die Beschreibung der Kategorien der betroffenen Personen,</li>
<li>Die Kategorien der Empfänger,</li>
<li>Die vorgesehenen Fristen für die Löschung der verschiedenen Datenkategorien,</li>
<li>Eine allgemeine Beschreibung der technischen und organisatorischen Sicherheitsmaßnahmen.</li>
</ul>
<p>MODALIS gewährleistet seine Verpflichtungen im Zusammenhang mit dem Recht auf Information und Zugang zu den Daten gemäß den Artikeln 13 bis 21 der Allgemeinen Datenschutzverordnung. (DSGVO).</p>
<p>Die betroffenen Personen können ihre Rechte ausüben, indem sie an MODALIS 345 rue Louis de Broglie schreiben.<br />
13100 Aix-en-Provence oder per E-Mail an rgpd@modalis.com unter Nachweis sie ihrer Identität geltend machen können..</p>
<p>Das Personal von MODALIS wird regelmäßig für die Grundsätze des Datenschutzes sowie für die Risiken im Zusammenhang mit den Freiheitsrechten und der Privatsphäre sensibilisiert. Unser Unternehmen verfügt über eine IT-Charta und unsere Mitarbeiter, die dem Berufsgeheimnis unterliegen, haben eine Vertraulichkeitsverpflichtung unterzeichnet.</p>
<p>Jeder Nutzer wird authentifiziert, die Komplexität der Passwörter entspricht den Empfehlungen der CNIL, ebenso wie das Verfahren und die Häufigkeit der Änderungen.<br />
Es werden Berechtigungsprofile eingerichtet, um den Zugriff nur auf die Daten zu beschränken, die ein Nutzer benötigt.<br />
Das interne Computernetzwerk sowie die Server und Arbeitsstationen sind durch Passwörter gesichert und mit Firewall-Software sowie regelmäßig aktualisierten Antivirenprogrammen ausgestattet.<br />
Es werden regelmäßig Datensicherungen auf NAS und in der Cloud durchgeführt, die eine Wiederherstellung der Daten im Rahmen eines formalisierten Disaster-Recovery-Plans ermöglichen.</p>
<p>MODALIS greift nur auf Subunternehmer zurück, die ausreichende Garantien bieten.<br />
Der Datenaustausch mit Subunternehmern wird durch einen Zusatzvertrag geregelt, der die Verpflichtungen gemäß der Allgemeinen Datenschutzverordnung beschreibt.[/vc_column_text][/vc_column][/vc_row][vc_row row_fullwidth=&#8220;1&#8243; css=&#8220;.vc_custom_1490950020522{margin-top: 0px !important;margin-right: 0px !important;margin-bottom: 0px !important;margin-left: 0px !important;padding-top: 0px !important;padding-right: 0px !important;padding-bottom: 0px !important;padding-left: 0px !important;}&#8220;][vc_column]<div id="owcta-97608" class="ozy-wide-call-to-action"><div class="bar"><div><i class="oic-flaticon5-time">&nbsp;</i><div class="part1"><h5>Votre demande, notre service</br>Nous appeler : <span>+33 4 42 65 92 36</span></h5></div><div class="part2"><a href="#request-a-rate" class="comp-request-a-rate">DEMANDER UN DEVIS</a></div></div></div><div class="gradient"><div><h3>SERVICES DE LOCATION<h3><h3>NÉGOCE & CONSULTING</h3><h5>Transport intermodal</h5></div></div></div>[/vc_column][/vc_row]</p>

<p>[vc_row][vc_column][rev_slider_vc alias=&#8220;mentions-legales-de&#8220;][/vc_column][/vc_row][vc_row css=&#8220;.vc_custom_1493804458805{margin-top: 40px !important;margin-bottom: 20px !important;}&#8220;][vc_column width=&#8220;1/2&#8243;][vc_column_text]SAS MODALIS 345 rue Louis de Broglie &#8211; 13100 F-Aix-en-Provence SIRET : 44222878900032 APE : 7739Z Aktienkapital: 35 000 000 € Tél. +33 4 [&hellip;]</p>

<!-- This site is optimized with the Yoast SEO plugin v18.0 - https://yoast.com/wordpress/plugins/seo/ -->
<title>Impressum - MODALIS location matériel transport combiné</title>
<meta name="robots" content="index, follow, max-snippet:-1, max-image-preview:large, max-video-preview:-1" />
<link rel="canonical" href="https://www.modalis.com/de/impressum/" />
<meta property="og:locale" content="de_DE" />
<meta property="og:type" content="article" />
<meta property="og:title" content="Impressum - MODALIS location matériel transport combiné" />
<meta property="og:description" content="[vc_row][vc_column][rev_slider_vc alias=&#8220;mentions-legales-de&#8220;][/vc_column][/vc_row][vc_row css=&#8220;.vc_custom_1493804458805{margin-top: 40px !important;margin-bottom: 20px !important;}&#8220;][vc_column width=&#8220;1/2&#8243;][vc_column_text]SAS MODALIS 345 rue Louis de Broglie &#8211; 13100 F-Aix-en-Provence SIRET : 44222878900032 APE : 7739Z Aktienkapital: 35 000 000 € Tél. +33 4 [&hellip;]" />
<meta property="og:url" content="https://www.modalis.com/de/impressum/" />
<meta property="og:site_name" content="MODALIS location matériel transport combiné" />
<meta property="article:modified_time" content="2022-10-17T18:22:23+00:00" />
<meta name="twitter:card" content="summary" />
<meta name="twitter:label1" content="Geschätzte Lesezeit" />
	<meta name="twitter:data1" content="3 Minuten" />
<script type="application/ld+json" class="yoast-schema-graph">{"@context":"https://schema.org","@graph":[{"@type":"WebSite","@id":"https://www.modalis.com/en/#website","url":"https://www.modalis.com/en/","name":"MODALIS location matériel transport combiné","description":"Modalis, intermodal equipment rental","potentialAction":[{"@type":"SearchAction","target":{"@type":"EntryPoint","urlTemplate":"https://www.modalis.com/en/?s={search_term_string}"},"query-input":"required name=search_term_string"}],"inLanguage":"de"},{"@type":"WebPage","@id":"https://www.modalis.com/de/impressum/#webpage","url":"https://www.modalis.com/de/impressum/","name":"Impressum - MODALIS location matériel transport combiné","isPartOf":{"@id":"https://www.modalis.com/en/#website"},"datePublished":"2017-08-03T13:49:42+00:00","dateModified":"2022-10-17T18:22:23+00:00","breadcrumb":{"@id":"https://www.modalis.com/de/impressum/#breadcrumb"},"inLanguage":"de","potentialAction":[{"@type":"ReadAction","target":["https://www.modalis.com/de/impressum/"]}]},{"@type":"BreadcrumbList","@id":"https://www.modalis.com/de/impressum/#breadcrumb","itemListElement":[{"@type":"ListItem","position":1,"name":"Accueil","item":"https://www.modalis.com/de/"},{"@type":"ListItem","position":2,"name":"Impressum"}]}]}</script>
<!-- / Yoast SEO plugin. -->

Impressum - MODALIS location matériel transport combiné

[vc_row][vc_column][rev_slider_vc alias=&#8220;mentions-legales-de&#8220;][/vc_column][/vc_row][vc_row css=&#8220;.vc_custom_1493804458805{margin-top: 40px !important;margin-bottom: 20px !important;}&#8220;][vc_column width=&#8220;1/2&#8243;][vc_column_text]SAS MODALIS 345 rue Louis de Broglie &#8211; 13100 F-Aix-en-Provence SIRET : 44222878900032 APE : 7739Z Aktienkapital: 35 000 000 € Tél. +33 4 [&hellip;]

MODALIS location matériel transport combiné
